what is -3 + 1206c4?
1206c1
In base 2, what is 101 + -11000010000101101000110010110?
-11000010000101101000110010001
In base 7, what is 54566 - -6166?
64065
In base 11, what is 183932 - 49?
183894
In base 14, what is -1 - -11823749?
11823748
In base 14, what is -19117288 - -2?
-19117286
In base 9, what is -81085 + 12774?
-67211
In base 12, what is -2393048 - 70?
-23930b8
In base 13, what is -6a2700b + -5?
-6a27013
In base 15, what is -4 - 29a525c?
-29a5261
In base 16, what is -fb46 - -998?
-f1ae
In base 6, what is 4 + -114442151?
-114442143
In base 8, what is -170233 - -3443?
-164570
In base 2, what is -10100110101011101101010011110 + 11?
-10100110101011101101010011011
In base 6, what is -302522 + 2044?
-300434
In base 9, what is -88107067 - 4?
-88107072
In base 16, what is -5 - 2593356?
-259335b
In base 13, what is 32b6 - -c76?
425c
In base 9, what is 2356221484 - 4?
2356221480
In base 6, what is -31301 + -1500?
-33201
In base 14, what is -34cba2a + -1?
-34cba2b
In base 15, what is -87ac + -18?
-87c5
In base 12, what is 1 + -18465863?
-18465862
In base 7, what is 6 + -1346564046?
-1346564040
In base 4, what is 232033 - 12?
232021
In base 14, what is -2aa7942 - -2?
-2aa7940
In base 2, what is -1111100 - -1001111111011100101?
1001111111001101001
In base 9, what is 310522 - -1?
310523
In base 9, what is -547 + 307110?
306452
In base 3, what is 102011111 + 11?
102011122
In base 12, what is -2879761 - -12?
-287974b
In base 13, what is -355479 - 189?
-355635
In base 8, what is 2367566 - 67?
2367477
In base 2, what is 111100010001100010100011100 + 1?
111100010001100010100011101
In base 15, what is -734ac92 - -2?
-734ac90
In base 15, what is 1d182a - -c0?
1d18ea
In base 3, what is 2212 - -22101202?
22111121
In base 5, what is -124440242 + -20?
-124440312
In base 9, what is -1624 - -76377?
74653
In base 12, what is 9b + 308939?
308a18
In base 2, what is -100 - 1001111111100001000100001000?
-1001111111100001000100001100
In base 12, what is -68683 - -49?
-68636
In base 5, what is 3 + -1233421144?
-1233421141
In base 7, what is -200544 + -3436?
-204313
In base 15, what is -11ab - -b133?
9e77
In base 10, what is 44 - -663888?
663932
In base 12, what is -6a + -46b76?
-47024
In base 15, what is d35733 - 2?
d35731
In base 9, what is -4 - 3515812?
-3515816
In base 16, what is 16 + 280fc5?
280fdb
In base 14, what is d0a - 73?
c77
In base 9, what is 556 - 2783558?
-2783002
In base 11, what is -63793 + 2427?
-61367
In base 14, what is -8381 + 1525?
-6c5a
In base 5, what is -3 - 132020402020?
-132020402023
In base 6, what is -55001415 - -335?
-55001040
In base 12, what is 3 + 5a92352?
5a92355
In base 5, what is -104 + 201132042?
201131433
In base 6, what is 414 + -200353?
-155535
In base 4, what is 302222 - -31001311?
31310133
In base 10, what is 6 + 48859866?
48859872
In base 10, what is 38 + -9168868?
-9168830
In base 7, what is 51256025 - 214?
51255511
In base 2, what is 1000100101101111001010011 + -10?
1000100101101111001010001
In base 6, what is 3 - 134235401?
-134235354
In base 11, what is -8 + 201040?
201033
In base 13, what is 1254b7 - -b?
1254c5
In base 5, what is 3 + 243334303?
243334311
In base 16, what is -1 + 3ca702?
3ca701
In base 15, what is -2a495ac - -2?
-2a495aa
In base 4, what is 3213300 - -221331?
10101231
In base 8, what is -1767346 - 2?
-1767350
In base 8, what is -15 + 177602?
177565
In base 9, what is -710580214 - -4?
-710580210
In base 12, what is -604ab - -188?
-60323
In base 8, what is -3 - 4766046?
-4766051
In base 8, what is 7106437053 + 3?
7106437056
In base 9, what is 144156077 + 4?
144156082
In base 6, what is 210551021 - -11?
210551032
In base 6, what is 55 + 3214450?
3214545
In base 16, what is 3 + 143ed7a?
143ed7d
In base 12, what is -54468233 - -5?
-5446822a
In base 3, what is -11020101 + 2001220101?
1220200000
In base 8, what is 4 + -47244775?
-47244771
In base 10, what is -3797831 - 0?
-3797831
In base 13, what is 1 - 172085?
-172084
In base 11, what is 6a981373 + -4?
6a98136a
In base 16, what is 1 + -1dae2b?
-1dae2a
In base 4, what is 1102301132312 - 12?
1102301132300
In base 5, what is 422241 - 203012?
214224
In base 16, what is -567be - -13?
-567ab
In base 4, what is -233333233230 + 0?
-233333233230
In base 10, what is -2896357 - 0?
-2896357
In base 3, what is 2011201 - 1220210?
20221
In base 13, what is -5917c01 + -5?
-5917c06
In base 10, what is 5 + -17069893?
-17069888
In base 3, what is -1200201011120 + -1210?
-1200201020100
In base 3, what is 1110021220 - 2111200?
1100210020
In base 9, what is -3 - 71867218?
-71867222
In base 2, what is -1001100000 - 111010101101010110?
-111010110110110110
In base 9, what is -37 - 1578038?
-1578076
In base 12, what is -15 - 2a471?
-2a486
In base 8, what is -3133364 - 46?
-3133432
In base 9, what is 20526656 + -100?
20526556
In base 7, what is 62126 - 213360?
-121231
In base 8, what is -615 - -707424?
706607
In base 6, what is -133 + -4104220?
-4104353
In base 9, what is -34 + 3520814?
3520770
In base 10, what is 2 - 4561899?
-4561897
In base 16, what is -3 + 790fd39?
790fd36
In base 15, what is 7b8d - -7b5?
8453
In base 4, what is -10 - 23131031?
-23131101
In base 5, what is -40 + -1002232202?
-1002232242
In base 16, what is 0 - -ebc38a?
ebc38a
In base 4, what is -11213133132 + 32?
-11213133100
In base 4, what is 130201221 + -12110?
130123111
In base 2, what is 1010011010010010 - -101011100010?
1011000101110100
In base 8, what is 750 + -62225?
-61255
In base 11, what is -81a4791 + 4?
-81a4788
In base 12, what is 114 + -270232?
-27011a
In base 5, what is -100420 - 440101?
-1041021
In base 6, what is 14 + -45543542?
-45543524
In base 14, what is b7923a0 + -7?
b792397
In base 3, what is 1002 - 10121021220?
-10121020211
In base 10, what is 310 - 332972?
-332662
In base 16, what is -7 - -2c2eb7?
2c2eb0
In base 16, what is 2d + -1736a9?
-17367c
In base 12, what is -933 + 45537?
44804
In base 7, what is -42223 + -13206?
-55432
In base 10, what is 17229244 - 47?
17229197
In base 2, what is -100 - 100100111100110110001000?
-100100111100110110001100
In base 4, what is -221 + -10231220332?
-10231221213
In base 12, what is -28734 + 1109?
-27627
In base 16, what is 17531 - 24a?
172e7
In base 3, what is 11112 - 1201212010?
-1201200121
In base 3, what is 101000210212 - -1100000?
101002010212
In base 16, what is ca9fb0 - -4?
ca9fb4
In base 2, what is 1100111000101100 - 1001111?
1100110111011101
In base 8, what is -1376551 - 10?
-1376561
In base 4, what is 1203 + 221012331?
221020200
In base 14, what is 123 - 79308?
-791c5
In base 3, what is 200112121021100 - -110?
200112121021210
In base 9, what is 1113658 - -14?
1113673
In base 4, what is 1 + 12013022133?
12013022200
In base 15, what is 3c + 5051d?
5055a
In base 4, what is 3 - 1333301312031?
-1333301312022
In base 10, what is 137 + -125762?
-125625
In base 16, what is 5 + -400bf5?
-400bf0
In base 13, what is aba2634 + -6?
aba262b
In base 4, what is -110233202120 - 11?
-110233202131
In base 9, what is -4 - -50415545?
50415541
In base 3, what is 1100222220211112 - 2?
1100222220211110
In base 7, what is -5522325260 - 3?
-5522325263
In base 11, what is -2158110 + -5?
-2158115
In base 3, what is -1200120022202 - -1000?
-1200120021202
In base 5, what is 3 + -32330414332?
-32330414324
In base 13, what is -451c58 + 2?
-451c56
In base 6, what is 32 - 542324303?
-542324231
In base 11, what is 252163 + 8?
252170
In base 2, what is 100 - -11010110111000100000100010?
11010110111000100000100110
In base 2, what is 0 + -101110001101111111000?
-101110001101111111000
In base 9, what is -2 - 30482572?
-30482574
In base 8, what is -77630134 + 11?
-77630123
In base 16, what is 2 + -ddaf7c?
-ddaf7a
In base 14, what is 26d29a - 200?
26d09a
In base 9, what is -308686 + 62?
-308624
In base 5, what is 104000123 + -1033?
103444040
In base 10, what is 11 - -159950?
159961
In base 2, what is 10010010100101 + -100101010011?
1101101010010
In base 16, what is -c7d8 - 23a?
-ca12
In base 13, what is -2c - 1467849?
-1467878
In base 11, what is a280 + 1038?
10308
In base 7, what is 502 - -532011?
532513
In base 16, what is -2da7 - -44b5?
170e
In base 9, what is 73301 - -3570?
76871
In base 5, what is 2013442320 + -4?
2013442311
In base 3, what is 1 - 20122210222121?
-2012221022212